0 + 13. Let j(r) = -r**3 + 13*r**2 + 2*r - 16. Let v be j(q). Suppose -v*l = -11*l + 35. Is l prime?
False
Suppose -d + 5*j + 80692 = -96144, 5*d = -j + 884154. Is d a composite number?
True
Let s = -227 - -229. Suppose -4*o - 5*k + 9708 = 0, -556 - 6725 = -3*o + 3*k. Suppose -s*a = -5*a + o. Is a a prime number?
True
Let q be 9 - (-1 - (0 - 5)). Suppose q - 50 = -9*p. Suppose -3758 = -p*j - 5*k - 63, -j - 5*k = -739. Is j composite?
False
Suppose -4*a - 7 = -23. Let k(z) = -4*z**2 - 62*z - 20. Let w be k(-15). Is (-6 + a)*(-8585)/w prime?
False
Let b = 7770863 + -4134420. Is b a prime number?
True
Let r(h) = 480*h**3 - 9*h - 55. Is r(10) a composite number?
True
Suppose 5*w = 15, 8610 = -4*s + 3*w + 163309. Is s prime?
True
Let l(h) = 3 + 4 + 77 + 141*h. Let r(n) = 94*n + 56. Let b(a) = 5*l(a) - 8*r(a). Is b(-9) a composite number?
True
Suppose -j = 4*b - 6*j - 4230, 2*b - 2100 = -5*j. Let y(a) = a - 10. Let i be y(12). Suppose 5*f + i*h = -h + b, 0 = 3*f - 3*h - 633. Is f a composite number?
False
Let p(r) = 141*r**3 + 2*r**2 - 6*r + 322. Is p(11) a prime number?
False
Suppose -1000*k = -982*k - 14329746. Is k a prime number?
False
Suppose -3*u - u + 20 = -2*k, 0 = -u - 2*k. Let o be -1 - 1/((-2)/u). Is 543 + o/(-1) + (2 - 3) prime?
True
Let z(o) = o + 9. Let d be z(-4). Suppose d*y + 286 = 2*l, -y + 590 = 4*l - 2*y. Let j = l + -14. Is j a composite number?
True
Let b be -97 - ((8 - 16) + 7). Is (-7789)/(-10) + b/(-960) a composite number?
True
Let p(g) be the third derivative of 0 + 0*g + 0*g**4 + 31/30*g**5 + 16*g**2 + 1/6*g**3. Is p(4) a composite number?
True
Suppose 0 = -14*h + 9*h - 2*s + 19, -5*h - 3*s = -21. Suppose h*g - 2012 = 16417. Is g a composite number?
False
Suppose -5*o + 19 + 6 = 0. Suppose 2*j + 9 = -o*v, j - 3*v = 2*v + 18. Suppose -2*i - f + 12417 = 0, -i = -3*i + j*f + 12437. Is i a prime number?
True
Let x(g) = 87*g - 88. Suppose -307 - 96 = -13*b. Is x(b) a composite number?
False
Let u be (-18)/2 + (-16)/4. Let x(s) = -43*s + 28. Let p be x(u). Suppose -3*b = -2*b - p. Is b a prime number?
True
Let c be 74/518 - 12/(-14). Let n(j) be the third derivative of 41*j**5/3 + j**4/12 - j**3/6 + j**2. Is n(c) a prime number?
True
Suppose -2*v + 3*h + 12728 = 0, -5 - 3 = -2*h. Suppose 2*i - 4*t - v = 8758, 0 = -2*i + 2*t + 15132. Is (-1)/(-1 - (i/(-2524) - -2)) a prime number?
True
Let p be (-170)/(-35) + -6*7/(-294). Suppose p*l + 20 = 0, 0*l + 2*l + 39616 = 4*d. Is d prime?
False
Suppose 53*f - 51*f = -4*m + 30406788, 0 = m + 5*f - 7601661. Is m a prime number?
True
Let k(u) = 616*u - 4889. Is k(16) composite?
False
Let l(s) = -282431*s - 872. Is l(-3) a composite number?
False
Let g = -116219 - -202480. Is g a composite number?
True
Let f(x) = x**2 + 10*x + 11. Let n be f(-5). Let j(k) = -k**3 - 11*k**2 + 3*k + 7. Is j(n) prime?
False
Let z(w) = 9*w - 7. Let k be z(-8). Let j = -62 - k. Let v(m) = m + 6. Is v(j) a prime number?
True
Let s be -2*(2/(12/18) + -1). Let b(w) = 4*w**2 + w - 2. Let p be b(2). Is (s/4)/8 + 11826/p prime?
True
Let f(n) = -17*n**3 + 5*n - 5. Let w be f(4). Let a = -628 - w. Is a a prime number?
False
Let a be 5/((-5)/(-5 - 0)). Suppose 0*o + 15 = -3*o, -115 = a*d - 2*o. Let y(h) = -5*h + 62. Is y(d) composite?
True
Suppose -x + 0*x = 2*f + 4, -f - 2 = 5*x. Suppose 2*k + 4*s + 8 = x, 3*k = 2*k - s. Suppose 0 = -4*m + 3*o + 3749, 2*m = -k*o - 150 + 2052. Is m composite?
False
Let d(q) = -184*q**3 + q**2 + 2*q - 1. Suppose 2*r = 30 - 34. Let y be d(r). Suppose -8*h + y = 423. Is h a prime number?
True
Let y(n) = 238*n**3 - 6*n**2 + 9*n - 1. Let o be y(3). Let d be (3/1)/(6/100). Suppose 48*s = d*s - o. Is s a composite number?
True
Let p = -75 - -79. Suppose 3742 = -p*r + 6*r. Suppose 0 = -5*f + l + 330 + 1529, 0 = 5*f - 4*l - r. Is f a prime number?
False
Let h(w) = -w**3 + 94*w**2 - 23*w + 391. Is h(24) a prime number?
False
Is (109826/2468)/(5446/5444 - (-1)/(-1)) a composite number?
True
Let t be (-24)/18 - (-8)/6. Suppose -6*v + 12*v = t. Suppose g - 413 = -p, -5*p + 3*p - 3*g + 830 = v. Is p a prime number?
True
Let l(g) = g. Let p(d) be the third derivative of 235*d**4/24 - 31*d**3/6 + 22*d**2. Let c(h) = 3*l(h) - p(h). Is c(-7) composite?
True
Let t(r) = 23 - 22 - 6 + 26*r - 30. Is t(26) a prime number?
True
Let h(s) = s**2 + 47*s + 40. Let y be h(-13). Let x = -176 + 787. Let m = y + x. Is m a composite number?
True
Let s = 56 + -56. Suppose s = 8*v - 10*v + 8474. Let i = v - 2726. Is i a composite number?
False
Let a(z) = -5*z. Let x be a(-1). Suppose -x*y - 1107 = -9572. Is y composite?
False
Suppose 3*t = -h + 18, -t + 9 = 5. Suppose 792 = h*z - 13674. Is z prime?
True
Suppose -34*t + 12*t = 71484 - 5130098. Is t prime?
True
Let f(o) = -3*o**3 - 9*o**2 - 11*o - 10. Let l = 124 - 131. Let b be f(l). Let u = 708 + b. Is u prime?
False
Suppose 4*b + 4983 - 1071 = 0. Let n = 446 + b. Let l = n + 783. Is l a prime number?
True
Let g(a) = 12025*a**2 + 36*a - 188. Is g(5) a prime number?
False
Let d(g) = g**2 + 5*g - 93. Let i be d(8). Suppose 0 = -4*w - i*w + 2235. Is w composite?
False
Let t be (-4)/2 + 4 + 1. Let m(x) be the first derivative of 25*x**3/3 - 3*x**2/2 - 3*x - 742. Is m(t) composite?
True
Let l(n) = -n**2 + 2*n + 9. Let m be l(4). Let j be m + -11*1 - 7/(-7). Let v(c) = -c**2 - 22*c + 6. Is v(j) a composite number?
True
Let c(x) = 33806*x**3 + 11*x - 8. Is c(1) a prime number?
True
Let v(y) = 4*y**3 - 8*y**2 + 8*y - 9. Let l = -87 - -159. Let z = l + -67. Is v(z) prime?
True
Let a = -89 + 111. Let k(u) = 48*u - 77. Is k(a) composite?
True
Suppose 8*k + 49403 = 137555. Let v be 190*40/6*-3. Let a = k + v. Is a prime?
True
Let u(b) = 914*b**2 + 5*b. Let f be u(-4). Suppose -116*d - f = -122*d. Is d a prime number?
False
Let t(y) = 1474*y + 79. Let o = -246 - -252. Is t(o) a prime number?
True
Let s be (-71)/(-4) + (-20)/(-80). Let i(c) = 2*c**2 - 19*c - 13. Is i(s) a prime number?
True
Let p(i) = -2*i**2 + 4*i + 18 + 7 + 0*i**2 + i**2 - 26*i**3. Is p(-4) prime?
True
Suppose -278162 + 86207 = -15*n. Is n composite?
True
Suppose 4*c = -4*h - 264, 8*h - 3*c + 306 = 3*h. Let l = -61 - h. Is l*(1/(-2) - -1) - -418 composite?
False
Let q be (-6)/(48/(-40)) + 4. Let z(y) = 94*y**2 - 7*y + 8. Is z(q) a prime number?
True
Let p(r) = 112681*r**2 - 33*r + 39. Is p(1) composite?
False
Let v(x) = -x**3 + 7*x**2 - 3*x - 11. Let m be v(6). Suppose -5*h - m = -17. Suppose 5305 = 7*w - h*w. Is w a prime number?
True
Suppose 4*t - 4313 = -69. Suppose 11 = k - 2*p, -3*k + 0*k + 23 = -4*p. Is (7 + -7)*(k + 0) + t composite?
False
Let b(v) = 611*v**3 + 4*v**2 - 3*v - 1. Suppose 9*w - 22 + 4 = 0. Is b(w) a composite number?
True
Let r(l) = l + 4. Let a be r(1). Suppose 8 + 2 = -2*x, -5*i = -a*x - 21000. Is i prime?
False
Is 314553 + (5 - -29 - 18) prime?
True
Let y be (48/10 - 4)/((-2)/(-55)). Suppose y*j - 3504 = 25*j. Let q = -171 - j. Is q a prime number?
True
Suppose 2*b + 16*b - 36 = 0. Suppose 0 = b*m - 0*m - 5*q - 8649, -3*m = 2*q - 12983. Is m a prime number?
True
Let y be (0 - 5108)*(-495)/110. Let q = -8219 + y. Is q prime?
True
Let a(u) = -u**3 + 12*u**2 + 30*u - 42. Let l be a(14). Is 3/(-3)*5726/l composite?
False
Let f be -6*(-1 + (-4)/(-8)). Suppose -8*m + f*m = 4085. Is m/(-2) + (-2)/(-4) a prime number?
True
Let v be (972/2)/(33/88). Let b be 2150/(-4) - 2/4. Let n = v + b. Is n composite?
True
Suppose 48 = -7*u + 6*u + 2227. Is u composite?
False
Suppose -4*i + 5*x = 1, i = 4*i + 4*x - 7. Let t(k) = 1950*k - 1. Let r be t(i). Suppose -2*w - 2*w + r = 5*j, 0 = -5*j - 15. Is w composite?
False
Let y(m) be the third derivative of 65/2*m**4 + 1/6*m**3 + 0 + 2*m**2 - 6*m. Is y(1) a composite number?
True
Let c(x) be the first derivative of 11*x**3/6 + 10*x**2 - 15*x - 1. Let r(h) be the first derivative of c(h). Is r(7) a composite number?
False
Let a be -10*-57065*(-2)/(-4). Suppose 0 = -19*c - 6*c + a. Is c composite?
True
Let k be (-2)/11*-1 - (-840)/220. Is (6/k)/3 + (-647325)/(-210) composite?
False
Suppose 4*w - 4*g - 4 = 0, 3*w + 6*g - g + 5 = 0. Suppose 2*y + 2*b - 17326 = w, -8*y + 3*y = -3*b - 43315. Is y a composite number?
False
Let r be (-1)/((-10)/22590*-3). Let c be 2 - 16/(2 + 0). Is ((-4)/c)/((8/r)/(-4)) a composite number?
False
Suppose 4*r - a - 13 = 0, 25 = 3*r + a 